.
-2
Suppose 9*b - 15 = 4*b. Let l(y) = -y**2 + 4*y + 3. What is l(b)?
6
Suppose 0*q - 8 = 4*q. Let y(d) be the third derivative of d**5/15 + d**4/12 - d**3/3 - 22*d**2 + 1. Give y(q).
10
Let h(m) = 4*m - 3*m - 3 + 0*m + 0*m. Let i(z) = 1. Let p(o) = -h(o) + 3*i(o). Suppose 2*s - 7*b = -2*b, -3*s + 5*b = 0. Determine p(s).
6
Let s(a) = -1 + 3*a - 2*a + 2 + a**2. Let k be s(-2). Let w(n) = k*n + 1 + 0 + 3*n - 4*n. Calculate w(-1).
-1
Let z(d) = -10*d + 9. Let t(w) = 7*w - 6. Let h(j) = -7*t(j) - 5*z(j). What is h(6)?
3
Let x(j) = -10*j**2 + 43*j - 55. Let a(d) = 7*d**2 - 29*d + 37. Let u(w) = -7*a(w) - 5*x(w). What is u(11)?
5
Let r(d) = 2*d + 9. Let m be r(-8). Let y(x) = x**2 + 8*x + 8. Give y(m).
1
Let y(d) = d**3 - 9*d**2 - 10*d + 1. Let t be 10 + 0/((-2)/1). Calculate y(t).
1
Let u(z) = -2*z - 60 + 32 + 32. Calculate u(7).
-10
Suppose -3*f + 5 - 17 = 0. Let s(g) = -2*g - g - 5*g**2 - 3 - g**3 - 2. Give s(f).
-9
Let z(s) = -s + 1. Let v(h) = 5*h**3 + h**2 + 9*h + 2. Let u(l) = -4*l**3 - 2*l**2 - 9*l - 1. Let t(k) = 6*u(k) + 5*v(k). Let c be t(8). What is z(c)?
5
Suppose -2*x - 23 + 27 = 0. Let g(d) = -2 + 0*d + d + 1. Let f(t) = -t**3 + t**2 + 2*t. Let j(r) = f(r) - g(r). What is j(x)?
-1
Let p(r) = r - 7. Suppose -3*h + 4*v = -0*v - 16, -5*h + v + 38 = 0. What is p(h)?
1
Suppose 2*g + 2 = 0, w - 6*w = -3*g - 53. Let x(m) = -w*m - 2 + 2 - 2 + 3. Determine x(1).
-9
Let f(q) = q**2 + q. Let i be f(0). Let u(p) = 6*p + 8 + 5*p**2 + i*p**2 + p**2 - p**3. Let d be u(7). Let r(m) = -10*m + 1. Give r(d).
-9
Let a(p) = -7*p - 8. Let h be a(-4). Let c(x) = -h*x - x**2 - 1 + 20*x. Calculate c(0).
-1
Let n(q) = -2*q + 3*q - q**2 + 0*q**2 + 1. Let v be (-9)/(-1*6/4). Let a(j) = j**2 - 5*j - 3. Let z be a(v). Determine n(z).
-5
Let h(a) = -3*a + 5. Let o(g) = g - 5. Let j be o(15). Suppose 3*b - 5*l = -b + j, -5*b + 3*l + 19 = 0. Calculate h(b).
-10
Let f(q) = -q - 13. Let h(t) = 2*t + 32. Let i(l) = 12*f(l) + 5*h(l). Suppose n - 4*n = 27. Let k = -6 - n. Give i(k).
-2
Let w(j) be the second derivative of -1/12*j**4 - j - 1/2*j**3 - 1/360*j**6 + 0 + 0*j**2 + 1/20*j**5. Let c(p) be the second derivative of w(p). What is c(4)?
6
Let t = -7 - -4. Let n(x) = 9*x**2 - 3*x - 5. Let p = -4 + 0. Let b(j) = -5*j**2 + 2*j + 3. Let w(i) = p*n(i) - 7*b(i). What is w(t)?
-4
Let j = -35 + 32. Let m(f) be the first derivative of f**4/4 + 2*f**3/3 - f**2 - f + 1. Determine m(j).
-4
Let f be 2/3 - (-1)/3. Let a(h) be the first derivative of -h**4/4 - h**3/6 + 5*h**2/2 + 7. Let l(r) be the second derivative of a(r). What is l(f)?
-7
Let j(p) = p**2 + 8*p**2 - 1 - p + 3*p - 8*p**2. Give j(-2).
-1
Suppose -2*w - 17 = -15. Let x(q) = 6*q**2 - 1. Calculate x(w).
5
Let y = 6 + -3. Let m be 5 - (2 + (-6)/y). Let j(d) be the third derivative of -d**6/120 + d**5/12 + d**4/24 - 2*d**3/3 - 2*d**2. What is j(m)?
1
Let j(y) = 7*y**2 - 11*y + 15. Let h(i) = 20*i**2 - 33*i + 44. Let k(c) = -6*h(c) + 17*j(c). What is k(7)?
19
Let x be (4/(-2))/(6/(-15)). Suppose 3*m - 8 = -4*z, 9 + 8 = 4*m - z. Let p = m - x. Let s(y) = 7*y**2 - y - 1. Calculate s(p).
7
Let n = -12509/12 + 1043. Let z(x) be the second derivative of 2*x - 3/2*x**2 + 5/6*x**3 - n*x**4 + 1/20*x**5 + 0. Calculate z(6).
-9
Let d be (-4)/(-6)*-6 + 6. Let f(w) = -5*w**2 - 3*w**d + 1 + 0*w**2 + 4*w**2. Give f(1).
-3
Let h(p) = 4*p + 1. Let g be h(1). Suppose -g*m = 1 + 9. Let i(x) = 3*x**2 + x + x**3 - 2 + x**2 - x**2. What is i(m)?
0
Suppose 7 = 4*l + 2*x + 1, 0 = -l + 5*x - 4. Let j(v) = 3 + 2 + 6*v + l - 4*v. Determine j(-5).
-4
Suppose 0 = -4*u + 2 + 26. Let h = 1 - 0. Let f(p) = 3 - h - 2*p - u. What is f(-4)?
3
Let a(n) = n**3 + 4*n**2 - 5*n + 7. Let j(l) = -l**2 + 6*l + 2. Let g be j(7). Let r be a(g). Let k(o) = r*o + 0*o + 8 - 8*o. Calculate k(6).
2
Let m(o) = o**2 + 4*o + 2. Let g(a) = -2*a**2 + 3*a**2 - 8*a - 2 + 6 + 0*a**2. Let n be g(7). Calculate m(n).
-1
Suppose 2*b = -4*b - 18. Let d(n) = -6*n + 1. What is d(b)?
19
Let i(b) = -b**3 + 5*b**2 + 5*b - 3. Let g be -2 + 6/9*12. What is i(g)?
-9
Let i(b) = 4 + b**3 + 5*b**2 - 5 + 2*b - 3 + b. Calculate i(-3).
5
Let f(d) = 18*d**2 + 18*d**2 - 56*d**2 - d + 21*d**2. Determine f(1).
0
Suppose 2*l + 8 = 0, -5*f + 3*f + 2*l = 8. Let z = f + 8. Let q(d) be the second derivative of d**4/12 - d**3/6 - 3*d**2 + d. Determine q(z).
-6
Let i(r) be the first derivative of -r**2/2 + 2*r - 20. Calculate i(5).
-3
Suppose 0 = 2*i - f - 22, 4*f = -5*i + 22 + 7. Let w(q) = 6*q - i*q + 2*q. Suppose 6 = -2*t - 4. Give w(t).
5
Let a(q) be the first derivative of -3*q**4/2 + q - 6. Calculate a(-1).
7
Let w(t) = -2*t**3 - 16 - 7*t**2 + 2*t + 9 + 3*t**3. Determine w(7).
7
Let l(n) = 5*n**2 - n. Let d be l(1). Let t(h) be the third derivative of h**5/30 - h**4/4 + h**3/3 + 10*h**2. Determine t(d).
10
Suppose -9 + 3 = 2*z. Let v(r) = -4*r + 3. Let g(s) = s. Let p(f) = -2*g(f) - v(f). Give p(z).
-9
Let t be (-5)/3 - 4/12. Let s(o) = 3*o - o + o**2 - o. Determine s(t).
2
Let m = 0 + 3. Let j(l) be the first derivative of -l**5/60 - l**4/24 + 2*l**3/3 - 3*l**2/2 - 1. Let i(d) be the second derivative of j(d). What is i(m)?
-8
Let s(u) = -58*u - u**2 + 0 + 64*u + 6. Determine s(5).
11
Let z(r) = r**3 - r**2 - r + 1. Let o = -5 - -6. Calculate z(o).
0
Let x(i) be the first derivative of i**6/360 + i**5/20 - 4*i**3/3 + 4. Let n(p) be the third derivative of x(p). Calculate n(-6).
0
Let j = 10 + -5. Let s(k) = -j*k + 2*k**2 - 1 - 3 + 1. Let h = 7 - 3. What is s(h)?
9
Let p(l) = 5*l + 3. Suppose -34*s + 33*s + 5 = 0. Give p(s).
28
Let n(y) = -14*y**2 - 619 + 620 + 0*y**2. Determine n(-1).
-13
Let c(v) = v**3 + 5*v**2 - 2*v + 1. Let o be (4 - -1)/(-3 - -2). Determine c(o).
11
Let f(z) = -z**3 - 4*z**2 - 3*z - 4. Suppose 2*u - 3*u = -1. Let o = u + -4. Determine f(o).
-4
Let h(f) be the third derivative of f**6/120 + f**5/20 - 2*f**3/3 + 7*f**2. Calculate h(-3).
-4
Let d(m) = -6*m + 3. Let q(f) = -11*f + 5. Let r(l) = 7*d(l) - 4*q(l). Let t(s) = -s**2 + 5*s - 2. Let c be t(5). Give r(c).
-3
Suppose 2*i + 8 = 6*i. Let d = i - 0. Let n(c) = c**d - 3*c + 2*c - 1 - 3*c - 1. Determine n(5).
3
Let o be (0 + -2)*6/(-4). Let x(g) = 3 - 3 + o*g. Give x(-1).
-3
Let r = -36 + 35. Let i(m) = -8*m + 1 + 0 + 0. What is i(r)?
9
Let s(w) = w - 3*w**2 - 55 + 4*w**2 + 29 + 25. Determine s(-1).
-1
Let a(u) = -100*u + 1 + 2*u**2 + 48*u + 53*u + 4*u**2. Give a(-1).
6
Let x(n) = -n**2 + 7*n - 4. Let o(c) = -c**3 - 2*c**2 - 3*c - 3. Suppose -5*y + 15 = 0, u - y = -4*u - 13. Let t be o(u). Let k = t - 0. Calculate x(k).
8
Let d(t) = t**3 - 5*t**2 - 2*t + 7. Let w be (6/10)/((-4)/(-20)). Suppose -3*c + 30 = w*b, 3*b + 8*c - 35 = 4*c. Calculate d(b).
-3
Suppose -3*i + 0 - 6 = 0. Let c(l) = -l**3 - 2*l**2 - 3*l - 1. Let b be c(i). Let w(v) = 2*v**3 + 1 - 3*v**2 - b*v - 4*v**3 + v**3 + 4*v. What is w(-3)?
4
Let r(w) be the second derivative of w**4/6 - w**3/2 - 2*w. Let v(m) = 2*m**2 + 3*m + 3. Let c be v(-1). Give r(c).
2
Let b(r) = r**3 + r**2 - 2. Let n be b(-2). Let t(m) = m**3 + 7*m**2 + 5*m - 1. Give t(n).
5
Let v(i) = -i**3 - 7*i**2 - 4*i + 6. Let w be (-8 - -7)/((-1)/(-6)). What is v(w)?
-6
Let m(n) = -2*n + 8. Suppose 30 = -3*x + 8*x. Calculate m(x).
-4
Suppose 4*m = -z + 2 - 7, 0 = -4*m + 5*z - 23. Let q(p) = p + 1. Calculate q(m).
-1
Let s(i) = 6*i**2 - 2 - 2*i**3 + 6*i**3 - 3*i**3 - i. Give s(-6).
4
Let f(k) = -2*k**3 - 3*k**3 - 4*k**2 + 6*k**3 - 4. Let x(o) = -o**2 + 6*o + 4. Let g be x(6). What is f(g)?
-4
Let f(g) = -1. Let r(k) = -5*k - 2. Let c(h) = 2*f(h) + r(h). What is c(-3)?
11
Let z(u) = 2*u - 15 + 2*u**2 + 16 + 2*u**3 + 0*u**2. Give z(-1).
-1
Let y be 48/16 - (-3 - -1). Let g(a) = -2*a + 0*a + a + 4. What is g(y)?
-1
Let l(u) = 4*u**3 + 2*u**2 + 2*u - 7. Let t(y) = -11*y**3 - 7*y**2 - 6*y + 19. Let x(n) = -8*l(n) - 3*t(n). Calculate x(-4).
7
Let l(y) = 2 + 2 + y**3 + 0 - 5. Let n be l(-1). Let h(k) = 4*k**2 - 1. Calculate h(n).
15
Let w(s) be the second derivative of s**2 - 3*s + 1/6*s**4 + 2/3*s**3 + 0. Calculate w(-2).
2
Suppose 5*o - 4*w = 1 + 30, -3*o = 4*w - 25. Let t be (-2)/(-4)*(o + 3). Let y(z) = 10*z - 18*z - 1 + 14*z - z**2 - 2. What is y(t)?
2
Suppose 4*m + 3*y = 5*y + 2, 5*m - 4*y = 4. Let j(n) = n + 4. Give j(m).
4
Let c be (-2)/(-15) + (-112)/(-60). Let d(p) = -5*p - 2. Determine d(c).
-1